{"id":918,"date":"2025-09-02T15:11:59","date_gmt":"2025-09-02T13:11:59","guid":{"rendered":"https:\/\/www.boutique.lejardindecoton.shop\/?post_type=product&#038;p=918"},"modified":"2025-09-04T18:05:02","modified_gmt":"2025-09-04T16:05:02","slug":"true-eyebrow-pencil-crayon-sourcil","status":"publish","type":"product","link":"https:\/\/www.boutique.lejardindecoton.shop\/?product=true-eyebrow-pencil-crayon-sourcil","title":{"rendered":"True Eyebrow Pencil Crayon Sourcil"},"content":{"rendered":"<p>PUPA<br \/>\nCrayon en bois avec peigne. Formule riche et hautement pigment\u00e9e.<br \/>\nElle fond dans les sourcils et assure un r\u00e9sultat couleur intense d\u00e8s la premi\u00e8re application pour un effet naturellement garni.<\/p>\n<p><em>Produit \u00e0 faible risque d\u2019allergie.<br \/>\nTest\u00e9 sous contr\u00f4le dermatologique<br \/>\nSans Parab\u00e8nes<\/em><\/p>\n<p>Composition<\/p>\n<p>Sa formule de nouvelle conception contient un m\u00e9lange savant de cires et d\u2019huiles qui assure un r\u00e9sultat impeccable. Enrichie avec de la Vitamine E aux propri\u00e9t\u00e9s anti-oxydantes.<\/p>\n<p>Astuce Maquillage<\/p>\n<p>Appliquez le crayon en dessinant des traits l\u00e9gers en suivant le sens des poils des sourcils et en remplissant les zones vides. Utilisez le peigne afin de modeler les sourcils et d\u2019obtenir un r\u00e9sultat totalement naturel.<\/p>\n<p>Ingr\u00e9dients<\/p>\n<p>La liste des ingr\u00e9dients est mise \u00e0 jour en permanence. Nous vous invitons toutefois \u00e0 consulter la formule indiqu\u00e9e sur les produits.<\/p>\n<p>HYDROGENATED VEGETABLE OIL, PENTAERYTHRITYL TETRAISOSTEARATE, CERESIN, HYDROGENATED COTTONSEED OIL, TALC, SILICA, SORBITAN STEARATE, TOCOPHEROL, POLYSORBATE 60, ASCORBYL PALMITATE<\/p>\n<p><strong>(+\/-) MAY CONTAIN:<\/strong><\/p>\n<p>CI 77019 MICA, CI 77891 (TITANIUM DIOXIDE), CI 77491, 77492, 77499 (IRON OXIDES), CI 77510 (FERRIC AMMONIUM FERROCYANIDE, FERRIC FERROCYANIDE), CI 77007 (ULTRAMARINES)<\/p>\n","protected":false},"excerpt":{"rendered":"<p class=\"product-description\">Crayon sourcils effet garni. Longue tenue, R\u00e9sistant \u00e0 l\u2019eau.<\/p>\n<p class=\"product-other-info\"><span class=\"product-contenance\">1.08 g \/ Net Wt 0.038 oz \/\u00a0<\/span><span class=\"product-sku js-product-sku\">240208A002<\/span><\/p>\n","protected":false},"featured_media":919,"comment_status":"open","ping_status":"closed","template":"","meta":{"_kad_blocks_custom_css":"","_kad_blocks_head_custom_js":"","_kad_blocks_body_custom_js":"","_kad_blocks_footer_custom_js":"","_kadence_starter_templates_imported_post":false,"_kad_post_transparent":"default","_kad_post_title":"","_kad_post_layout":"default","_kad_post_sidebar_id":"","_kad_post_content_style":"default","_kad_post_vertical_padding":"default","_kad_post_feature":"","_kad_post_feature_position":"","_kad_post_header":false,"_kad_post_footer":false},"product_brand":[68],"product_cat":[105],"product_tag":[],"product_brands":[38],"class_list":{"0":"post-918","1":"product","2":"type-product","3":"status-publish","4":"has-post-thumbnail","6":"product_brand-pupa","7":"product_cat-sourcils","8":"product_brands-pupa","10":"first","11":"instock","12":"taxable","13":"shipping-taxable","14":"purchasable","15":"product-type-variable","16":"entry","17":"content-bg","18":"loop-entry"},"taxonomy_info":{"product_brand":[{"value":68,"label":"PUPA"}],"product_cat":[{"value":105,"label":"Sourcils"}],"product_brands":[{"value":38,"label":"Pupa"}]},"featured_image_src_large":["https:\/\/www.boutique.lejardindecoton.shop\/wp-content\/uploads\/2025\/09\/240208A004_8011607282951_TrueEyebrowPencil_nuovo_logo_17072023160730-1024x640.png",1024,640,true],"author_info":[],"comment_info":0,"_links":{"self":[{"href":"https:\/\/www.boutique.lejardindecoton.shop\/index.php?rest_route=\/wp\/v2\/product\/918","targetHints":{"allow":["GET"]}}],"collection":[{"href":"https:\/\/www.boutique.lejardindecoton.shop\/index.php?rest_route=\/wp\/v2\/product"}],"about":[{"href":"https:\/\/www.boutique.lejardindecoton.shop\/index.php?rest_route=\/wp\/v2\/types\/product"}],"replies":[{"embeddable":true,"href":"https:\/\/www.boutique.lejardindecoton.shop\/index.php?rest_route=%2Fwp%2Fv2%2Fcomments&post=918"}],"wp:featuredmedia":[{"embeddable":true,"href":"https:\/\/www.boutique.lejardindecoton.shop\/index.php?rest_route=\/wp\/v2\/media\/919"}],"wp:attachment":[{"href":"https:\/\/www.boutique.lejardindecoton.shop\/index.php?rest_route=%2Fwp%2Fv2%2Fmedia&parent=918"}],"wp:term":[{"taxonomy":"product_brand","embeddable":true,"href":"https:\/\/www.boutique.lejardindecoton.shop\/index.php?rest_route=%2Fwp%2Fv2%2Fproduct_brand&post=918"},{"taxonomy":"product_cat","embeddable":true,"href":"https:\/\/www.boutique.lejardindecoton.shop\/index.php?rest_route=%2Fwp%2Fv2%2Fproduct_cat&post=918"},{"taxonomy":"product_tag","embeddable":true,"href":"https:\/\/www.boutique.lejardindecoton.shop\/index.php?rest_route=%2Fwp%2Fv2%2Fproduct_tag&post=918"},{"taxonomy":"product_brands","embeddable":true,"href":"https:\/\/www.boutique.lejardindecoton.shop\/index.php?rest_route=%2Fwp%2Fv2%2Fproduct_brands&post=918"}],"curies":[{"name":"wp","href":"https:\/\/api.w.org\/{rel}","templated":true}]}}