{"id":811,"date":"2025-08-13T15:06:54","date_gmt":"2025-08-13T13:06:54","guid":{"rendered":"https:\/\/www.boutique.lejardindecoton.shop\/?post_type=product&#038;p=811"},"modified":"2025-09-05T17:52:36","modified_gmt":"2025-09-05T15:52:36","slug":"like-a-doll-poudre-libre-invisible","status":"publish","type":"product","link":"https:\/\/www.boutique.lejardindecoton.shop\/?product=like-a-doll-poudre-libre-invisible","title":{"rendered":"Like a Doll Poudre Libre Invisible"},"content":{"rendered":"<h1>LIKE A DOLL<\/h1>\n<p>est une poudre invisible de Pupa qui donne \u00e0 la peau un aspect rayonnant et totalement naturel. Elle lisse le teint et r\u00e9duit les imperfections. Elle est l\u00e9g\u00e8re et se fond parfaitement \u00e0 la peau, comme si vous ne portiez rien. Vous pouvez l\u2019utiliser\u00a0<strong>seule<\/strong>\u00a0pour un r\u00e9sultat peau nue parfait, ou bien\u00a0<strong>sur votre maquillage<\/strong>\u00a0pour le fixer et le faire tenir toute la journ\u00e9e.<\/p>\n<p>Sa formule exclusive est compos\u00e9e de Poudres Sph\u00e9riques ultra l\u00e9g\u00e8res qui donnent \u00e0 la peau un aspect \u00e9clatant naturel, de Pigments Micronis\u00e9s qui apportent une adh\u00e9rence parfaite et une action lissante et unifiante extraordinaire, et de Polym\u00e8res Sph\u00e9riques \u00e0 l\u2019effet Soft Focus permettant de r\u00e9duire instantan\u00e9ment les rides et les petites imperfections. Contient \u00e9galement de l\u2019Extrait de Graines de Coton, aux propri\u00e9t\u00e9s hydratantes, pour un confort absolu.<\/p>\n<p><em>A faible risque d\u2019allergie<br \/>\nTest\u00e9 sous contr\u00f4le dermatologique<br \/>\nNon com\u00e9dog\u00e8ne<br \/>\nSans parab\u00e8nes<\/em><\/p>\n<p><em>Fabriqu\u00e9 en Italie<\/em><\/p>\n","protected":false},"excerpt":{"rendered":"<p class=\"product-description\">Poudre libre invisible.<br \/>\n<span class=\"product-contenance\">9 g \/ Net Wt 0.32 oz\u00a0<\/span><\/p>\n","protected":false},"featured_media":814,"comment_status":"open","ping_status":"closed","template":"","meta":{"_kad_blocks_custom_css":"","_kad_blocks_head_custom_js":"","_kad_blocks_body_custom_js":"","_kad_blocks_footer_custom_js":"","_kadence_starter_templates_imported_post":false,"_kad_post_transparent":"default","_kad_post_title":"","_kad_post_layout":"default","_kad_post_sidebar_id":"","_kad_post_content_style":"default","_kad_post_vertical_padding":"default","_kad_post_feature":"","_kad_post_feature_position":"","_kad_post_header":false,"_kad_post_footer":false},"product_brand":[68],"product_cat":[74],"product_tag":[],"product_brands":[38],"class_list":{"0":"post-811","1":"product","2":"type-product","3":"status-publish","4":"has-post-thumbnail","6":"product_brand-pupa","7":"product_cat-teint","8":"product_brands-pupa","10":"first","11":"instock","12":"taxable","13":"shipping-taxable","14":"purchasable","15":"product-type-variable","16":"entry","17":"content-bg","18":"loop-entry"},"taxonomy_info":{"product_brand":[{"value":68,"label":"PUPA"}],"product_cat":[{"value":74,"label":"Teint"}],"product_brands":[{"value":38,"label":"Pupa"}]},"featured_image_src_large":["https:\/\/www.boutique.lejardindecoton.shop\/wp-content\/uploads\/2025\/08\/050058003-8011607248421_LikeaDollCipriaLiberaInvisibile_big_10012017122800.webp",1024,640,false],"author_info":[],"comment_info":0,"_links":{"self":[{"href":"https:\/\/www.boutique.lejardindecoton.shop\/index.php?rest_route=\/wp\/v2\/product\/811","targetHints":{"allow":["GET"]}}],"collection":[{"href":"https:\/\/www.boutique.lejardindecoton.shop\/index.php?rest_route=\/wp\/v2\/product"}],"about":[{"href":"https:\/\/www.boutique.lejardindecoton.shop\/index.php?rest_route=\/wp\/v2\/types\/product"}],"replies":[{"embeddable":true,"href":"https:\/\/www.boutique.lejardindecoton.shop\/index.php?rest_route=%2Fwp%2Fv2%2Fcomments&post=811"}],"wp:featuredmedia":[{"embeddable":true,"href":"https:\/\/www.boutique.lejardindecoton.shop\/index.php?rest_route=\/wp\/v2\/media\/814"}],"wp:attachment":[{"href":"https:\/\/www.boutique.lejardindecoton.shop\/index.php?rest_route=%2Fwp%2Fv2%2Fmedia&parent=811"}],"wp:term":[{"taxonomy":"product_brand","embeddable":true,"href":"https:\/\/www.boutique.lejardindecoton.shop\/index.php?rest_route=%2Fwp%2Fv2%2Fproduct_brand&post=811"},{"taxonomy":"product_cat","embeddable":true,"href":"https:\/\/www.boutique.lejardindecoton.shop\/index.php?rest_route=%2Fwp%2Fv2%2Fproduct_cat&post=811"},{"taxonomy":"product_tag","embeddable":true,"href":"https:\/\/www.boutique.lejardindecoton.shop\/index.php?rest_route=%2Fwp%2Fv2%2Fproduct_tag&post=811"},{"taxonomy":"product_brands","embeddable":true,"href":"https:\/\/www.boutique.lejardindecoton.shop\/index.php?rest_route=%2Fwp%2Fv2%2Fproduct_brands&post=811"}],"curies":[{"name":"wp","href":"https:\/\/api.w.org\/{rel}","templated":true}]}}