{"id":532,"date":"2025-07-18T19:00:26","date_gmt":"2025-07-18T17:00:26","guid":{"rendered":"https:\/\/www.boutique.lejardindecoton.shop\/?post_type=product&#038;p=532"},"modified":"2025-09-04T17:54:04","modified_gmt":"2025-09-04T15:54:04","slug":"serum-expert-botanique-taishan","status":"publish","type":"product","link":"https:\/\/www.boutique.lejardindecoton.shop\/?product=serum-expert-botanique-taishan","title":{"rendered":"S\u00e9rum Expert Botanique TAISHAN"},"content":{"rendered":"<p>Actions pour votre beaut\u00e9<\/p>\n<ul>\n<li>Les\u00a0huiles de<strong>\u00a0Noisette bio<\/strong>\u00a0(non com\u00e9dog\u00e8ne) et de\u00a0<strong>Jojoba<\/strong>\u00a0\u00e9quilibrent la production de s\u00e9bum et apaisent. L\u2019huile de\u00a0<strong>s\u00e9same<\/strong>\u00a0est anti-inflammatoire.<\/li>\n<li>L\u2019huile de\u00a0<strong>Son de riz<\/strong>\u00a0bio gr\u00e2ce \u00e0 ses phytost\u00e9rols offre ses vertus calmantes. L\u2019huile de\u00a0<strong>Nigelle<\/strong>\u00a0riche en thymoquinone purifie et pr\u00e9vient des petits boutons.<\/li>\n<li>L\u2019huile de\u00a0<strong>Petit Grain<\/strong>\u00a0est antibact\u00e9rienne, cicatrisante et r\u00e9gulatrice. L\u2019huile de\u00a0<strong>Bergamotte<\/strong>\u00a0bio offre ses vertus antiseptique et tonique. L\u2019huile de\u00a0<strong>Tea Tree<\/strong>\u00a0apporte le must pour aseptiser les peaux \u00e0 probl\u00e8mes.<\/li>\n<li>La synergie de la\u00a0<strong>Bergamotte<\/strong>\u00a0et du\u00a0<strong>Petit<\/strong>\u00a0<strong>Grain<\/strong>\u00a0vous offre une harmonie olfactive de bien-\u00eatre.<\/li>\n<li>La peau se r\u00e9gule et retrouve un \u00e9quilibre cutan\u00e9 sain. Elle est matifi\u00e9, le teint est \u00e9clairci et frais.<\/li>\n<\/ul>\n<p>Utilisation<\/p>\n<p>Appliquer 1 \u00e0 2 gouttes en effleurage sur le visage et le cou nettoy\u00e9s, puis appliquer votre cr\u00e8me Taishan pour optimiser les bienfaits des actifs.<\/p>\n<p>En compl\u00e9ment, utilisez le Masque Min\u00e9au et le gommage Enata 1 fois par semaine.<\/p>\n<p>Principes actifs<\/p>\n<ul>\n<li>Huiles v\u00e9g\u00e9tales de noisette, Jojoba, S\u00e9same, Nigelle<\/li>\n<li>Huiles essentielles Petit Grain, Bergamotte, Citron, Tea tree Bio.<\/li>\n<\/ul>\n<p>100 % du total des ingr\u00e9dients sont d\u2019Origine Naturelle<\/p>\n","protected":false},"excerpt":{"rendered":"<p>ENATAE<br \/>\nConcentr\u00e9 100% pur et naturel d\u2019huiles essentielles et v\u00e9g\u00e9tales,<\/p>\n<p>pour \u00e9quilibrer et matifier votre peau.<\/p>\n","protected":false},"featured_media":533,"comment_status":"open","ping_status":"closed","template":"","meta":{"_kad_blocks_custom_css":"","_kad_blocks_head_custom_js":"","_kad_blocks_body_custom_js":"","_kad_blocks_footer_custom_js":"","_kadence_starter_templates_imported_post":false,"_kad_post_transparent":"default","_kad_post_title":"","_kad_post_layout":"default","_kad_post_sidebar_id":"","_kad_post_content_style":"default","_kad_post_vertical_padding":"default","_kad_post_feature":"","_kad_post_feature_position":"","_kad_post_header":false,"_kad_post_footer":false},"product_brand":[67],"product_cat":[54],"product_tag":[],"product_brands":[40],"class_list":{"0":"post-532","1":"product","2":"type-product","3":"status-publish","4":"has-post-thumbnail","6":"product_brand-enata","7":"product_cat-soins-taishan-regula-zen-asie","8":"product_brands-enatae","10":"first","11":"instock","12":"taxable","13":"shipping-taxable","14":"purchasable","15":"product-type-simple","16":"entry","17":"content-bg","18":"loop-entry"},"taxonomy_info":{"product_brand":[{"value":67,"label":"ENATAE"}],"product_cat":[{"value":54,"label":"Soins taishan regula-zen asie"}],"product_brands":[{"value":40,"label":"Enata\u00e9"}]},"featured_image_src_large":["https:\/\/www.boutique.lejardindecoton.shop\/wp-content\/uploads\/2025\/07\/serum-visage-peau-mixte-enatae-taishan-e160-2-1-scaled-1-1024x1024.webp",1024,1024,true],"author_info":[],"comment_info":0,"_links":{"self":[{"href":"https:\/\/www.boutique.lejardindecoton.shop\/index.php?rest_route=\/wp\/v2\/product\/532","targetHints":{"allow":["GET"]}}],"collection":[{"href":"https:\/\/www.boutique.lejardindecoton.shop\/index.php?rest_route=\/wp\/v2\/product"}],"about":[{"href":"https:\/\/www.boutique.lejardindecoton.shop\/index.php?rest_route=\/wp\/v2\/types\/product"}],"replies":[{"embeddable":true,"href":"https:\/\/www.boutique.lejardindecoton.shop\/index.php?rest_route=%2Fwp%2Fv2%2Fcomments&post=532"}],"wp:featuredmedia":[{"embeddable":true,"href":"https:\/\/www.boutique.lejardindecoton.shop\/index.php?rest_route=\/wp\/v2\/media\/533"}],"wp:attachment":[{"href":"https:\/\/www.boutique.lejardindecoton.shop\/index.php?rest_route=%2Fwp%2Fv2%2Fmedia&parent=532"}],"wp:term":[{"taxonomy":"product_brand","embeddable":true,"href":"https:\/\/www.boutique.lejardindecoton.shop\/index.php?rest_route=%2Fwp%2Fv2%2Fproduct_brand&post=532"},{"taxonomy":"product_cat","embeddable":true,"href":"https:\/\/www.boutique.lejardindecoton.shop\/index.php?rest_route=%2Fwp%2Fv2%2Fproduct_cat&post=532"},{"taxonomy":"product_tag","embeddable":true,"href":"https:\/\/www.boutique.lejardindecoton.shop\/index.php?rest_route=%2Fwp%2Fv2%2Fproduct_tag&post=532"},{"taxonomy":"product_brands","embeddable":true,"href":"https:\/\/www.boutique.lejardindecoton.shop\/index.php?rest_route=%2Fwp%2Fv2%2Fproduct_brands&post=532"}],"curies":[{"name":"wp","href":"https:\/\/api.w.org\/{rel}","templated":true}]}}