{"id":428,"date":"2025-07-18T14:50:00","date_gmt":"2025-07-18T12:50:00","guid":{"rendered":"https:\/\/www.boutique.lejardindecoton.shop\/?post_type=product&#038;p=428"},"modified":"2025-07-18T18:33:27","modified_gmt":"2025-07-18T16:33:27","slug":"creme-pure-tendresse-irazu","status":"publish","type":"product","link":"https:\/\/www.boutique.lejardindecoton.shop\/?product=creme-pure-tendresse-irazu","title":{"rendered":"Cr\u00e8me Pure Tendresse IRAZU"},"content":{"rendered":"<p>Actions pour votre beaut\u00e9<\/p>\n<ul>\n<li>Les propri\u00e9t\u00e9s reconnues de l\u2019<strong>Alo\u00e9 V\u00e9ra<\/strong>\u00a0et de l\u2019<strong>huile d\u2019Andiroba<\/strong>\u00a0calment les sensation d\u2019incofort.<\/li>\n<li>Le beurre de\u00a0<strong>Cacao<\/strong>\u00a0et la\u00a0<strong>Cire d\u2019abeille<\/strong>\u00a0adoucissent.<\/li>\n<li>La\u00a0<strong>Papaye<\/strong>\u00a0et la\u00a0<strong>Goyave<\/strong>\u00a0riches en vitamines renforcent les d\u00e9fenses naturelles de la peau.<\/li>\n<li><strong>L\u2019allantoine<\/strong>\u00a0apaise et hydrate les peaux sensibles.<\/li>\n<li><\/li>\n<\/ul>\n<p>Utilisation<\/p>\n<p>A utiliser matin et soir, apr\u00e8s le S\u00e9rum Expert Botanique Iraz\u00f9 \u00ae.<\/p>\n<p>Appliquer sur le visage et le cou, en \u00e9vitant les yeux.<\/p>\n<p>En compl\u00e9ment, utilisez le Masque Min\u00e9au et le gommage Iraz\u00f9<\/p>\n<p>1 fois par semaine.<\/p>\n<p>Principes actifs<\/p>\n<ul>\n<li>Alo\u00e9 V\u00e9ra, Andiroba, Beurre de cacao, Cire d\u2019abeille, Papaye, Goyave<\/li>\n<li>Allantoine \u00ae<\/li>\n<\/ul>\n<p>98 % du total des ingr\u00e9dients sont d\u2019Origine Naturelle<\/p>\n","protected":false},"excerpt":{"rendered":"<p>Douce et d\u00e9licate, la cr\u00e8me Irazu \u00ae est id\u00e9ale pour les peaux sensibles et fragiles.<\/p>\n","protected":false},"featured_media":429,"comment_status":"open","ping_status":"closed","template":"","meta":{"_kad_blocks_custom_css":"","_kad_blocks_head_custom_js":"","_kad_blocks_body_custom_js":"","_kad_blocks_footer_custom_js":"","_kadence_starter_templates_imported_post":false,"_kad_post_transparent":"default","_kad_post_title":"","_kad_post_layout":"default","_kad_post_sidebar_id":"","_kad_post_content_style":"default","_kad_post_vertical_padding":"default","_kad_post_feature":"","_kad_post_feature_position":"","_kad_post_header":false,"_kad_post_footer":false},"product_brand":[],"product_cat":[53],"product_tag":[],"product_brands":[40],"class_list":{"0":"post-428","1":"product","2":"type-product","3":"status-publish","4":"has-post-thumbnail","6":"product_cat-soins-irazu-adoucissants-amerindiens","7":"product_brands-enatae","9":"first","10":"instock","11":"taxable","12":"shipping-taxable","13":"purchasable","14":"product-type-simple","15":"entry","16":"content-bg","17":"loop-entry"},"taxonomy_info":{"product_cat":[{"value":53,"label":"Soins irazu adoucissants am\u00e9rindiens"}],"product_brands":[{"value":40,"label":"Enata\u00e9"}]},"featured_image_src_large":["https:\/\/www.boutique.lejardindecoton.shop\/wp-content\/uploads\/2025\/07\/creme-visage-peau-sensible-enatae-irazu-e121-2-1.webp",945,945,false],"author_info":[],"comment_info":0,"_links":{"self":[{"href":"https:\/\/www.boutique.lejardindecoton.shop\/index.php?rest_route=\/wp\/v2\/product\/428","targetHints":{"allow":["GET"]}}],"collection":[{"href":"https:\/\/www.boutique.lejardindecoton.shop\/index.php?rest_route=\/wp\/v2\/product"}],"about":[{"href":"https:\/\/www.boutique.lejardindecoton.shop\/index.php?rest_route=\/wp\/v2\/types\/product"}],"replies":[{"embeddable":true,"href":"https:\/\/www.boutique.lejardindecoton.shop\/index.php?rest_route=%2Fwp%2Fv2%2Fcomments&post=428"}],"wp:featuredmedia":[{"embeddable":true,"href":"https:\/\/www.boutique.lejardindecoton.shop\/index.php?rest_route=\/wp\/v2\/media\/429"}],"wp:attachment":[{"href":"https:\/\/www.boutique.lejardindecoton.shop\/index.php?rest_route=%2Fwp%2Fv2%2Fmedia&parent=428"}],"wp:term":[{"taxonomy":"product_brand","embeddable":true,"href":"https:\/\/www.boutique.lejardindecoton.shop\/index.php?rest_route=%2Fwp%2Fv2%2Fproduct_brand&post=428"},{"taxonomy":"product_cat","embeddable":true,"href":"https:\/\/www.boutique.lejardindecoton.shop\/index.php?rest_route=%2Fwp%2Fv2%2Fproduct_cat&post=428"},{"taxonomy":"product_tag","embeddable":true,"href":"https:\/\/www.boutique.lejardindecoton.shop\/index.php?rest_route=%2Fwp%2Fv2%2Fproduct_tag&post=428"},{"taxonomy":"product_brands","embeddable":true,"href":"https:\/\/www.boutique.lejardindecoton.shop\/index.php?rest_route=%2Fwp%2Fv2%2Fproduct_brands&post=428"}],"curies":[{"name":"wp","href":"https:\/\/api.w.org\/{rel}","templated":true}]}}